{"id":225,"date":"2019-09-21T14:10:48","date_gmt":"2019-09-21T12:10:48","guid":{"rendered":"http:\/\/karinebarre.com\/?page_id=225"},"modified":"2026-04-17T10:39:20","modified_gmt":"2026-04-17T08:39:20","slug":"inspirations-2","status":"publish","type":"page","link":"https:\/\/karinebarre.com\/index.php\/inspirations-2\/","title":{"rendered":"Inspirations"},"content":{"rendered":"<p><img loading=\"lazy\" decoding=\"async\" class=\"alignnone size-full wp-image-232\" src=\"https:\/\/karinebarre.com\/wp-content\/uploads\/2019\/09\/livre1.png\" alt=\"\" width=\"135\" height=\"195\" \/> Excellent sur les dimensions de la confiance en soi<\/p>\n<p><img loading=\"lazy\" decoding=\"async\" class=\"alignnone size-thumbnail wp-image-585\" src=\"https:\/\/karinebarre.com\/wp-content\/uploads\/2021\/06\/ame-de-sorciere-150x150.png\" alt=\"\" width=\"150\" height=\"150\" srcset=\"https:\/\/karinebarre.com\/wp-content\/uploads\/2021\/06\/ame-de-sorciere-150x150.png 150w, https:\/\/karinebarre.com\/wp-content\/uploads\/2021\/06\/ame-de-sorciere-100x100.png 100w\" sizes=\"(max-width: 150px) 100vw, 150px\" \/>Mon 1er livre que j&rsquo;ai lu sur le f\u00e9minin et le monde des sorci\u00e8res \ud83d\ude42<\/p>\n<p><img loading=\"lazy\" decoding=\"async\" class=\"alignnone size-thumbnail wp-image-589\" src=\"https:\/\/karinebarre.com\/wp-content\/uploads\/2021\/06\/parents-150x150.png\" alt=\"\" width=\"150\" height=\"150\" srcset=\"https:\/\/karinebarre.com\/wp-content\/uploads\/2021\/06\/parents-150x150.png 150w, https:\/\/karinebarre.com\/wp-content\/uploads\/2021\/06\/parents-100x100.png 100w\" sizes=\"(max-width: 150px) 100vw, 150px\" \/> La relation Parents -Enfants(adultes), pour ma part, une confirmation.<\/p>\n<p><img loading=\"lazy\" decoding=\"async\" class=\"alignnone size-thumbnail wp-image-586\" src=\"https:\/\/karinebarre.com\/wp-content\/uploads\/2021\/06\/intuitio-140x150.png\" alt=\"\" width=\"140\" height=\"150\" \/>L&rsquo;intuition, et la confiance que nous lui donnons&#8230; Autorisons nous \u00e0 l&rsquo;\u00e9couter !<\/p>\n<p><img loading=\"lazy\" decoding=\"async\" class=\"alignnone size-thumbnail wp-image-588\" src=\"https:\/\/karinebarre.com\/wp-content\/uploads\/2021\/06\/le-feminin-sacre-150x150.png\" alt=\"\" width=\"150\" height=\"150\" srcset=\"https:\/\/karinebarre.com\/wp-content\/uploads\/2021\/06\/le-feminin-sacre-150x150.png 150w, https:\/\/karinebarre.com\/wp-content\/uploads\/2021\/06\/le-feminin-sacre-100x100.png 100w\" sizes=\"(max-width: 150px) 100vw, 150px\" \/>Un magnifique livre sur le f\u00e9minin sacr\u00e9<\/p>\n<p><img loading=\"lazy\" decoding=\"async\" class=\"alignnone size-full wp-image-239\" src=\"https:\/\/karinebarre.com\/wp-content\/uploads\/2019\/09\/livre10.png\" alt=\"\" width=\"159\" height=\"221\" srcset=\"https:\/\/karinebarre.com\/wp-content\/uploads\/2019\/09\/livre10.png 159w, https:\/\/karinebarre.com\/wp-content\/uploads\/2019\/09\/livre10-144x200.png 144w\" sizes=\"(max-width: 159px) 100vw, 159px\" \/> Accepter sa vuln\u00e9rabilit\u00e9, nous rend plus fort. Bren\u00e9 Brown nous explique comment.<\/p>\n<p><img loading=\"lazy\" decoding=\"async\" class=\"alignnone size-thumbnail wp-image-363\" src=\"https:\/\/karinebarre.com\/wp-content\/uploads\/2019\/09\/livre12-122x150.png\" alt=\"\" width=\"122\" height=\"150\" \/> Un livre -Roman sur l&rsquo;enn\u00e9agramme. Excellent pour apprendre \u00e0 connaitre qui on est ? Quel profil de personnalit\u00e9 ?<\/p>\n<p><img loading=\"lazy\" decoding=\"async\" class=\"alignnone size-thumbnail wp-image-590\" src=\"https:\/\/karinebarre.com\/wp-content\/uploads\/2021\/06\/chaman-150x150.png\" alt=\"\" width=\"150\" height=\"150\" srcset=\"https:\/\/karinebarre.com\/wp-content\/uploads\/2021\/06\/chaman-150x150.png 150w, https:\/\/karinebarre.com\/wp-content\/uploads\/2021\/06\/chaman-100x100.png 100w\" sizes=\"(max-width: 150px) 100vw, 150px\" \/> Livre accessible et instructif !<\/p>\n<p><img loading=\"lazy\" decoding=\"async\" class=\"alignnone size-thumbnail wp-image-587\" src=\"https:\/\/karinebarre.com\/wp-content\/uploads\/2021\/06\/la-puissance-du-feminin-150x150.png\" alt=\"\" width=\"150\" height=\"150\" srcset=\"https:\/\/karinebarre.com\/wp-content\/uploads\/2021\/06\/la-puissance-du-feminin-150x150.png 150w, https:\/\/karinebarre.com\/wp-content\/uploads\/2021\/06\/la-puissance-du-feminin-100x100.png 100w\" sizes=\"(max-width: 150px) 100vw, 150px\" \/>Mode d&#8217;emploi du f\u00e9minin, un vrai guide pratique.<\/p>\n<p><img loading=\"lazy\" decoding=\"async\" class=\"alignnone size-full wp-image-240\" src=\"https:\/\/karinebarre.com\/wp-content\/uploads\/2019\/09\/livre11.png\" alt=\"\" width=\"105\" height=\"172\" \/> Comment pratiquer la communication non violente : comprendre ce que veulent les autres, exprimer ce que j&rsquo;ai besoin.<\/p>\n<p><img loading=\"lazy\" decoding=\"async\" class=\"alignnone size-full wp-image-237\" src=\"https:\/\/karinebarre.com\/wp-content\/uploads\/2019\/09\/livre8.png\" alt=\"\" width=\"125\" height=\"192\" \/> L&rsquo;\u00e9go. que nourrit-on avec ?<\/p>\n<p><img loading=\"lazy\" decoding=\"async\" class=\"alignnone size-full wp-image-238\" src=\"https:\/\/karinebarre.com\/wp-content\/uploads\/2019\/09\/livre9.png\" alt=\"\" width=\"203\" height=\"185\" \/> Se cr\u00e9er ses propres formules, pri\u00e8res, incantations pour modifier nos pens\u00e9es et ainsi modifier nos comportements.<\/p>\n<p><img loading=\"lazy\" decoding=\"async\" class=\"alignnone size-full wp-image-236\" src=\"https:\/\/karinebarre.com\/wp-content\/uploads\/2019\/09\/livre6.png\" alt=\"\" width=\"113\" height=\"178\" \/> Trouver du sens \u00e0 sa vie. revenir \u00e0 l&rsquo;essentiel&#8230;<\/p>\n<p><img loading=\"lazy\" decoding=\"async\" class=\"alignnone size-full wp-image-235\" src=\"https:\/\/karinebarre.com\/wp-content\/uploads\/2019\/09\/livre5.png\" alt=\"\" width=\"127\" height=\"205\" srcset=\"https:\/\/karinebarre.com\/wp-content\/uploads\/2019\/09\/livre5.png 127w, https:\/\/karinebarre.com\/wp-content\/uploads\/2019\/09\/livre5-124x200.png 124w\" sizes=\"(max-width: 127px) 100vw, 127px\" \/>\u00a0 Un peu moins facile que \u00ab\u00a0la confiance en soi, une philosophie \u00ab\u00a0, mais essentiel pour comprendre les m\u00e9canismes et les vertus de l&rsquo;\u00e9chec<\/p>\n<p><img loading=\"lazy\" decoding=\"async\" class=\"alignnone size-full wp-image-234\" src=\"https:\/\/karinebarre.com\/wp-content\/uploads\/2019\/09\/livre4.png\" alt=\"\" width=\"96\" height=\"151\" \/> Vaincre ses peurs, oser &#8230;<\/p>\n<p><img loading=\"lazy\" decoding=\"async\" class=\"alignnone size-full wp-image-233\" src=\"https:\/\/karinebarre.com\/wp-content\/uploads\/2019\/09\/livre3.png\" alt=\"\" width=\"136\" height=\"186\" \/> Un conte philosophique et spirituel. Phrase inspirante du\u00a0 livre \u00ab\u00a0Quand tu veux une chose, tout l&rsquo;univers conspire \u00e0 te permettre de r\u00e9aliser ton d\u00e9sir\u00a0\u00bb <em>( personnellement c&rsquo;est \u00ab\u00a0ma\u00a0\u00bb phrase qui me permet de lever mes doutes)<\/em><\/p>\n<p><img loading=\"lazy\" decoding=\"async\" class=\"alignnone size-full wp-image-231\" src=\"https:\/\/karinebarre.com\/wp-content\/uploads\/2019\/09\/liver2.png\" alt=\"\" width=\"98\" height=\"147\" \/> Tony Robbins, est sp\u00e9cialiste de la Programmation Neuro linguistique. Il donne des exemples connus de personnes qui r\u00e9ussissent et ce qu&rsquo;elles ont en commun. C&rsquo;est un effet booster!<\/p>\n\n\n<p> <\/p>\n\n\n\n<p><\/p>\n\n\n\n<p><\/p>\n\n\n\n<p><\/p>\n","protected":false},"excerpt":{"rendered":"<p>Excellent sur les dimensions de la confiance en soi Mon 1er livre que j&rsquo;ai lu sur le f\u00e9minin et le monde des sorci\u00e8res \ud83d\ude42 La relation Parents -Enfants(adultes), pour ma &hellip; <\/p>\n","protected":false},"author":1,"featured_media":0,"parent":0,"menu_order":0,"comment_status":"closed","ping_status":"closed","template":"","meta":{"saved_in_kubio":false,"jetpack_post_was_ever_published":false,"footnotes":""},"class_list":["post-225","page","type-page","status-publish","hentry","has-meta has-sticky-meta"],"kubio_ai_page_context":{"short_desc":"","purpose":"general"},"jetpack_sharing_enabled":true,"_links":{"self":[{"href":"https:\/\/karinebarre.com\/index.php\/wp-json\/wp\/v2\/pages\/225","targetHints":{"allow":["GET"]}}],"collection":[{"href":"https:\/\/karinebarre.com\/index.php\/wp-json\/wp\/v2\/pages"}],"about":[{"href":"https:\/\/karinebarre.com\/index.php\/wp-json\/wp\/v2\/types\/page"}],"author":[{"embeddable":true,"href":"https:\/\/karinebarre.com\/index.php\/wp-json\/wp\/v2\/users\/1"}],"replies":[{"embeddable":true,"href":"https:\/\/karinebarre.com\/index.php\/wp-json\/wp\/v2\/comments?post=225"}],"version-history":[{"count":12,"href":"https:\/\/karinebarre.com\/index.php\/wp-json\/wp\/v2\/pages\/225\/revisions"}],"predecessor-version":[{"id":7963,"href":"https:\/\/karinebarre.com\/index.php\/wp-json\/wp\/v2\/pages\/225\/revisions\/7963"}],"wp:attachment":[{"href":"https:\/\/karinebarre.com\/index.php\/wp-json\/wp\/v2\/media?parent=225"}],"curies":[{"name":"wp","href":"https:\/\/api.w.org\/{rel}","templated":true}]}}