{"id":592,"date":"2021-06-18T15:00:05","date_gmt":"2021-06-18T13:00:05","guid":{"rendered":"http:\/\/karinebarre.com\/?page_id=592"},"modified":"2021-06-27T17:27:55","modified_gmt":"2021-06-27T15:27:55","slug":"commentaires","status":"publish","type":"page","link":"https:\/\/karinebarre.com\/index.php\/commentaires\/","title":{"rendered":"T\u00e9moignages"},"content":{"rendered":"\n<blockquote class=\"wp-block-quote is-layout-flow wp-block-quote-is-layout-flow\"><p>Cela fait 6 mois que nous avons commenc\u00e9 et que de changements &#8230;! Je me suis red\u00e9couverte, j&rsquo;ai aussi compris beaucoup de choses sur moi-m\u00eame. Karine est dans une \u00e9coute active, elle sait trouver les mots justes. Apr\u00e8s chaque s\u00e9ance de coaching, elle nous fait une compte-rendu de ce qui a \u00e9t\u00e9 dit. Elle y rajoute de bonnes questions ou exercices et cela nous permet de re-r\u00e9fl\u00e9chir et de d\u00e9bloquer plein de choses&#8230;<\/p><p>Est-ce son c\u00f4t\u00e9 clairvoyante qui me donne la sensation d&rsquo;\u00eatre connect\u00e9e avec elle ? je ne sais pas, en tout cas elle est g\u00e9niale, je la recommande vivement. <\/p><p>Elle a chang\u00e9 ma vie, ca c&rsquo;est sur !<\/p><cite>Laurence<\/cite><\/blockquote>\n\n\n\n<blockquote class=\"wp-block-quote is-layout-flow wp-block-quote-is-layout-flow\"><p>Depuis des ann\u00e9es, je me pose beaucoup de questions, sur ma vie, sur mon pass\u00e9 qui n&rsquo;a pas toujours \u00e9t\u00e9 simple, sur mon avenir autant sur le plan professionnel que personnel ! Karine est entr\u00e9e dans ma vie gr\u00e2ce \u00e0 une amie en commun.<\/p><p>Son naturel, sa sinc\u00e9rit\u00e9, son \u00e9coute m&rsquo;ont plu, la confiance s&rsquo;est tr\u00e8s simplement install\u00e9e.<\/p><p>Elle m&rsquo;a accompagn\u00e9 dans mon parcours de reconstruction, de changement et continue de la faire. Elle a su trouver les mots pour me faire prendre conscience que le changement devait venir de moi !<\/p><p>Les s\u00e9ances et les exercices sont souvent intenses, peuvent nous chambouler mais ils permettent de grandir et d&rsquo;avancer. je ne la remercierais jamais assez pour son aide. Un immense merci pour ta pr\u00e9sence dans ma vie. je vous la recommande \u00e0 200%<\/p><cite>Emilie<\/cite><\/blockquote>\n\n\n\n<blockquote class=\"wp-block-quote is-layout-flow wp-block-quote-is-layout-flow\"><p>Karine a su \u00eatre \u00e0 mon \u00e9coute, analyser chaque situation de l\u2019ext\u00e9rieur et me donner les cl\u00e9s pour avancer <\/p><cite>Vincent <\/cite><\/blockquote>\n\n\n\n<blockquote class=\"wp-block-quote is-layout-flow wp-block-quote-is-layout-flow\"><p>Karine a rapidement lu en moi comme dans un livre ouvert. Cela \u00e9tait d\u00e9concertant&#8230;Nos \u00e9changes sont toujours bienveillants mais parfois d\u00e9stabilisant. Elle \u00e9tait ma sup\u00e9rieure hi\u00e9rarchique. Elle ne coachait pas lorsque nous nous sommes connus. Elle n&rsquo;avait pas encore pleinement conscience de son talent et pourtant elle m&rsquo;a aid\u00e9 \u00e0 aller de l&rsquo;avant, \u00e0 l\u00e2cher prise, \u00e0 grandir, \u00e0 sortir de ma zone de confort et tenter l&rsquo;aventure. C&rsquo;est une belle personne altruiste, elle a un vrai don, une soif de curiosit\u00e9 et d&rsquo;apprentissage dans l&rsquo;accompagnement personnel. Si vous souhaitez changer, grandir contactez l\u00e0 sans h\u00e9sitation.<\/p><cite>Stephanie <\/cite><\/blockquote>\n\n\n\n<p><\/p>\n","protected":false},"excerpt":{"rendered":"<p>Cela fait 6 mois que nous avons commenc\u00e9 et que de changements &#8230;! Je me suis red\u00e9couverte, j&rsquo;ai aussi compris beaucoup de choses sur moi-m\u00eame. Karine est dans une \u00e9coute active, elle sait trouver les mots justes. Apr\u00e8s chaque s\u00e9ance de coaching, elle nous fait une compte-rendu de ce qui a \u00e9t\u00e9 dit. Elle y &hellip; <\/p>\n","protected":false},"author":1,"featured_media":594,"parent":0,"menu_order":0,"comment_status":"closed","ping_status":"closed","template":"","meta":{"saved_in_kubio":false,"jetpack_post_was_ever_published":false,"footnotes":""},"class_list":["post-592","page","type-page","status-publish","has-post-thumbnail","hentry","grid-sizer"],"kubio_ai_page_context":{"short_desc":"","purpose":"general"},"jetpack_sharing_enabled":true,"_links":{"self":[{"href":"https:\/\/karinebarre.com\/index.php\/wp-json\/wp\/v2\/pages\/592","targetHints":{"allow":["GET"]}}],"collection":[{"href":"https:\/\/karinebarre.com\/index.php\/wp-json\/wp\/v2\/pages"}],"about":[{"href":"https:\/\/karinebarre.com\/index.php\/wp-json\/wp\/v2\/types\/page"}],"author":[{"embeddable":true,"href":"https:\/\/karinebarre.com\/index.php\/wp-json\/wp\/v2\/users\/1"}],"replies":[{"embeddable":true,"href":"https:\/\/karinebarre.com\/index.php\/wp-json\/wp\/v2\/comments?post=592"}],"version-history":[{"count":8,"href":"https:\/\/karinebarre.com\/index.php\/wp-json\/wp\/v2\/pages\/592\/revisions"}],"predecessor-version":[{"id":607,"href":"https:\/\/karinebarre.com\/index.php\/wp-json\/wp\/v2\/pages\/592\/revisions\/607"}],"wp:featuredmedia":[{"embeddable":true,"href":"https:\/\/karinebarre.com\/index.php\/wp-json\/wp\/v2\/media\/594"}],"wp:attachment":[{"href":"https:\/\/karinebarre.com\/index.php\/wp-json\/wp\/v2\/media?parent=592"}],"curies":[{"name":"wp","href":"https:\/\/api.w.org\/{rel}","templated":true}]}}