{"id":7862,"date":"2026-04-06T21:46:00","date_gmt":"2026-04-06T19:46:00","guid":{"rendered":"https:\/\/karinebarre.com\/?page_id=7862"},"modified":"2026-04-06T21:46:02","modified_gmt":"2026-04-06T19:46:02","slug":"faq","status":"publish","type":"page","link":"https:\/\/karinebarre.com\/index.php\/faq\/","title":{"rendered":"FAQ"},"content":{"rendered":"\n<h2 class=\"wp-block-heading\"><strong>Faut-il savoir exactement ce que je veux travailler ?<\/strong><\/h2>\n\n\n\n<p>Non.<br>Vous pouvez venir avec quelque chose de tr\u00e8s clair\u2026 ou simplement un ressenti, une envie de faire le point.<\/p>\n\n\n\n<p>C\u2019est justement le r\u00f4le de l\u2019accompagnement de vous aider \u00e0 clarifier.<\/p>\n\n\n\n<hr class=\"wp-block-separator has-alpha-channel-opacity\"\/>\n\n\n\n<h2 class=\"wp-block-heading\"><strong>Comment savoir si cet accompagnement est fait pour moi ?<\/strong><\/h2>\n\n\n\n<p>Le plus simple est d\u2019\u00e9changer une premi\u00e8re fois.<\/p>\n\n\n\n<p>Cela vous permet de sentir si vous \u00eates \u00e0 l\u2019aise, si le cadre vous convient, et si vous avez envie d\u2019avancer ensemble.<\/p>\n\n\n\n<hr class=\"wp-block-separator has-alpha-channel-opacity\"\/>\n\n\n\n<h2 class=\"wp-block-heading\"><strong>Combien de s\u00e9ances sont n\u00e9cessaires ?<\/strong><\/h2>\n\n\n\n<p>Cela d\u00e9pend de chacun.<\/p>\n\n\n\n<p>Parfois une s\u00e9ance permet d\u00e9j\u00e0 d\u2019y voir plus clair.<br>Parfois, un accompagnement dans la dur\u00e9e est plus juste.<\/p>\n\n\n\n<p>Nous ajustons ensemble, en fonction de vos besoins.<\/p>\n\n\n\n<hr class=\"wp-block-separator has-alpha-channel-opacity\"\/>\n\n\n\n<h2 class=\"wp-block-heading\"><strong>Est-ce que je dois m\u2019engager sur plusieurs s\u00e9ances ?<\/strong><\/h2>\n\n\n\n<p>Non.<\/p>\n\n\n\n<p>Vous \u00eates libre d\u2019avancer \u00e0 votre rythme, s\u00e9ance apr\u00e8s s\u00e9ance.<\/p>\n\n\n\n<hr class=\"wp-block-separator has-alpha-channel-opacity\"\/>\n\n\n\n<h2 class=\"wp-block-heading\"><strong>En quoi consiste concr\u00e8tement une s\u00e9ance ?<\/strong><\/h2>\n\n\n\n<p>C\u2019est un temps d\u2019\u00e9change bas\u00e9 sur l\u2019\u00e9coute, le questionnement et la mise en perspective.<\/p>\n\n\n\n<p>L\u2019objectif est de vous aider \u00e0 prendre du recul, clarifier et avancer.<\/p>\n\n\n\n<hr class=\"wp-block-separator has-alpha-channel-opacity\"\/>\n\n\n\n<h2 class=\"wp-block-heading\"><strong>Pr\u00e9sentiel ou \u00e0 distance ?<\/strong><\/h2>\n\n\n\n<p>Les deux sont possibles.<br>Nous choisissons ensemble ce qui vous convient le mieux.<\/p>\n","protected":false},"excerpt":{"rendered":"<p>Faut-il savoir exactement ce que je veux travailler ? Non.Vous pouvez venir avec quelque chose de tr\u00e8s clair\u2026 ou simplement un ressenti, une envie de faire le point. C\u2019est justement le r\u00f4le de l\u2019accompagnement de vous aider \u00e0 clarifier. Comment savoir si cet accompagnement est fait pour moi ? Le plus simple est d\u2019\u00e9changer une &hellip; <\/p>\n","protected":false},"author":1,"featured_media":386,"parent":0,"menu_order":0,"comment_status":"closed","ping_status":"closed","template":"","meta":{"saved_in_kubio":false,"jetpack_post_was_ever_published":false,"footnotes":""},"class_list":["post-7862","page","type-page","status-publish","has-post-thumbnail","hentry","grid-sizer"],"kubio_ai_page_context":{"short_desc":"","purpose":"general"},"jetpack_sharing_enabled":true,"_links":{"self":[{"href":"https:\/\/karinebarre.com\/index.php\/wp-json\/wp\/v2\/pages\/7862","targetHints":{"allow":["GET"]}}],"collection":[{"href":"https:\/\/karinebarre.com\/index.php\/wp-json\/wp\/v2\/pages"}],"about":[{"href":"https:\/\/karinebarre.com\/index.php\/wp-json\/wp\/v2\/types\/page"}],"author":[{"embeddable":true,"href":"https:\/\/karinebarre.com\/index.php\/wp-json\/wp\/v2\/users\/1"}],"replies":[{"embeddable":true,"href":"https:\/\/karinebarre.com\/index.php\/wp-json\/wp\/v2\/comments?post=7862"}],"version-history":[{"count":1,"href":"https:\/\/karinebarre.com\/index.php\/wp-json\/wp\/v2\/pages\/7862\/revisions"}],"predecessor-version":[{"id":7863,"href":"https:\/\/karinebarre.com\/index.php\/wp-json\/wp\/v2\/pages\/7862\/revisions\/7863"}],"wp:featuredmedia":[{"embeddable":true,"href":"https:\/\/karinebarre.com\/index.php\/wp-json\/wp\/v2\/media\/386"}],"wp:attachment":[{"href":"https:\/\/karinebarre.com\/index.php\/wp-json\/wp\/v2\/media?parent=7862"}],"curies":[{"name":"wp","href":"https:\/\/api.w.org\/{rel}","templated":true}]}}